rime factors of x(4)?
2, 3, 5
Suppose 0 = 146*v - 143*v - 537. List the prime factors of v.
179
Suppose -8 = 2*v - 4*m, 3*m + 0*m = 5*v + 6. Suppose -2*p + d + 281 = 102, v = 2*d + 2. List the prime factors of p.
89
Let y be (10 - 3 - 3) + 2. What are the prime factors of 388/10 - y/(-30)?
3, 13
Suppose 3*m = 4*u - 8471, -5*u - 2306 + 12891 = -3*m. What are the prime factors of u?
2, 7, 151
Let b = -4 - -7. Let z(x) = x**2 - 3*x + 2. Let s be z(2). Suppose b*m + 3 - 33 = s. List the prime factors of m.
2, 5
Suppose 0 = 3*o - r - 7, 2 = -4*o + 5*r + 4. Suppose 2*l + 46 = o*n - 65, 0 = 3*l - 4*n + 164. What are the prime factors of (18/(-12))/(9/l)?
2
Suppose 1923 + 4781 = 4*v. List the prime factors of v.
2, 419
Let t = 1398 - 3. What are the prime factors of t?
3, 5, 31
Let i be -4 + 8 + -1 + 1. Suppose 2*m = m + i. Suppose -d = -0*s - 3*s + 3, 0 = -m*d - 4*s + 36. List the prime factors of d.
2, 3
Suppose -4*u + 2809 = -3*k, 3*u - 4*k + 2113 = 6*u. List the prime factors of u.
19, 37
Let a(w) = 2*w**3 - w**2 - 3*w + 2. Let x be a(-2). Let j be (56/x + 0)*3. Let g = j + 74. What are the prime factors of g?
2, 3, 5
Let p(u) = -17*u**2 - 9*u + 9. Let b(a) = -a - 1. Let f(h) = 2*b(h) - p(h). What are the prime factors of f(3)?
163
Suppose 0 = -11*l + 9*l + 50. Suppose -5*w = -4*v - 5 + l, -2*v - 4*w = 16. Suppose -4*s + 132 = -v*s. List the prime factors of s.
3, 11
Let o(p) = 73*p + 71. What are the prime factors of o(5)?
2, 109
Let r(i) = -i**3 - 9*i**2 + i + 19. Let a be r(-8). Let n = a - -146. What are the prime factors of n?
3, 31
Suppose 0 = 37*i - 35*i + 2. List the prime factors of (6/(-36))/(i/237)*2.
79
Let g be -8*25/20*-10. Suppose 3*o = 4*v + g, 2*v + 98 = 3*o - 0*v. List the prime factors of o.
2
Suppose 4*j = -4*j + 1416. Suppose 66 = -3*v + j. What are the prime factors of v?
37
Let r(x) = -30*x**3 + 7*x**2 + x + 12. List the prime factors of r(-3).
2, 3, 7
Let g(t) be the third derivative of 27*t**4/4 - 2*t**3/3 - 3*t**2. List the prime factors of g(1).
2, 79
Let z = -908 - -1600. What are the prime factors of z?
2, 173
Suppose -45*p + 54*p = 5130. What are the prime factors of p?
2, 3, 5, 19
Let m be (-42)/(-8) - (-2)/(-8). Suppose -3*a = 3*q - 5*a - 133, a + m = 0. Suppose 0 = -j + q - 6. List the prime factors of j.
5, 7
Suppose 13*q - 7*q = -162. What are the prime factors of q*20/(-15) - -1?
37
Let m = -1042 - -1828. List the prime factors of m.
2, 3, 131
Let z = 1836 - 948. What are the prime factors of z?
2, 3, 37
Let k be (5 - 17)*1/(-3). Suppose 0 = -2*i + 3*i + 21. Let s = k - i. What are the prime factors of s?
5
Let m(g) = g**3 - g**2 - 6. Let z be m(0). Let f be z/(-27) + (-156)/(-27). What are the prime factors of (-112)/12*f/(-4)?
2, 7
Suppose 0 = -5*p + 3132 + 118. List the prime factors of p.
2, 5, 13
Suppose -904*j + 25025 = -893*j. What are the prime factors of j?
5, 7, 13
Let p(d) = 2*d**3 + 4*d**2 + 9*d + 1. Let o(u) = 5*u**3 + 8*u**2 + 19*u + 2. Let n(x) = 3*o(x) - 7*p(x). Suppose 3*j = 2*j + 6. List the prime factors of n(j).
5, 7
Let t = 216 - -3610. What are the prime factors of t?
2, 1913
Let h(k) = 122*k - 1566. What are the prime factors of h(35)?
2, 13
Let a = -1607 + 2669. What are the prime factors of a?
2, 3, 59
Let b = -74 - -78. Suppose -5*o - f = -302 - 218, 4*f = -b*o + 400. What are the prime factors of o?
3, 5, 7
Suppose 20*f - 17394 = -6*f. List the prime factors of f.
3, 223
Let w be (12/10)/(15/50). Let f = 0 - 4. List the prime factors of f*(w/(-8) + -1).
2, 3
Let h(m) = m**3 + 18*m**2 + 4*m + 21. List the prime factors of h(-14).
7, 107
Suppose 3*l - 5*a - 1423 = 1129, 5*a - 2602 = -3*l. What are the prime factors of l?
859
Let y(b) = 9*b**2 - 62*b - 3. What are the prime factors of y(12)?
3, 61
Let p = 31 + -51. Let h = 11 + p. List the prime factors of -1 + 1 + (10 - h).
19
Let f(y) = 4*y - 14. Let g be f(4). Suppose 5*z - 207 = g*z. List the prime factors of z.
3, 23
Let i be ((-7)/1)/((-1)/1). Suppose -19*u - 20 = -15*u. Let x = i - u. What are the prime factors of x?
2, 3
Suppose 5*c = l + 102, c = 4*c - l - 62. What are the prime factors of c?
2, 5
Suppose 5*x - 684 - 2151 = 0. What are the prime factors of x?
3, 7
Suppose -5*g = 2*c - 471, 0*g - g + 2*c = -99. Let m = 36 + g. List the prime factors of m.
131
Suppose 2*u + 0*u = 24. Suppose 0 = 11*g - u*g + 2. Suppose 105 = 3*x + d, -3*d - 70 = -g*x - d. What are the prime factors of x?
5, 7
Suppose -5*f + 10 = -4*c - 16, 0 = 5*f + 5*c + 10. Let r be (1/2)/(772/192 - 4). Suppose r = -f*o + 3*o. What are the prime factors of o?
2, 3
Let s(w) = w**2 + 12*w + 6. Let n be s(-8). Let d = n + 24. List the prime factors of d/1 + 1 + 64.
3, 7
Let n(w) = w**3 + 16*w**2 + 28*w - 2. What are the prime factors of n(-10)?
2, 3, 53
Let t = -309 - -680. List the prime factors of t.
7, 53
Suppose -v - x + 84 = -0*v, -4*x = 5*v - 420. Let j be ((-1296)/v)/((-2)/14). Let f = j + -74. What are the prime factors of f?
2, 17
Let a = -148 - -122. Let m(q) = -q**2 - 40*q - 57. What are the prime factors of m(a)?
307
Suppose 4*i = -3*x + 1, -4*i - 4*x - x = 9. Suppose 90 = a + 4*b, -a + i*b = 2*a - 334. What are the prime factors of a?
2, 53
List the prime factors of -281*(-3 - (-2)/(5/5)).
281
Suppose 0 = 5*u - 15, -3*t + 4*u = u + 3. Suppose 3*f = w - 28, 42 = -0*w + 4*w + t*f. What are the prime factors of w?
13
Suppose 10*w = 10898 + 6112. What are the prime factors of w?
3, 7
Suppose -5*n + 1600 = 11*n. List the prime factors of n.
2, 5
Let l = 1275 + 2173. List the prime factors of l.
2, 431
Suppose -19*w = -7*w - 324. What are the prime factors of w?
3
Suppose 5*d + 4 = 6*d, d = 5*k - 3941. List the prime factors of k.
3, 263
Let r(j) = -6*j**2 - 18*j + 10. Let l be r(-6). Let i = l - -150. List the prime factors of i.
2, 13
Let g = 345 - -407. What are the prime factors of g?
2, 47
Let v(x) = -x**3 - 3*x**2 - 6*x. Let c be -8*((-5)/(-10) - 1). Suppose -8*a = -7*a + c. What are the prime factors of v(a)?
2, 5
Let z(r) = 198*r**2 - r. Let u be z(-1). Let i be (-15 - -10)/((-5)/6). Suppose -i*y + 137 = -u. List the prime factors of y.
2, 7
Suppose -12*o - 655 = -8203. What are the prime factors of o?
17, 37
Suppose 2*k + 14 = -3*m + 47, -5*k - 5*m + 80 = 0. Suppose -2*j + 83 = k. What are the prime factors of j?
2, 17
Let h be ((-6)/7)/(2/(-84)). Let t be (-2)/(-8) - (-4527)/h. What are the prime factors of (-28)/t - (-308)/9?
2, 17
Let y = -33 + 78. Let b = 146 + y. List the prime factors of b.
191
List the prime factors of (30 - (15 - 0))*236/6.
2, 5, 59
Suppose 4*r - 37 = -5*m, m + 4*r = -6 + 23. Let u(p) = -4*p**2 + 39*p + 19. Let j be u(10). Let o = m + j. What are the prime factors of o?
2, 7
Let f(h) = 4*h**2 + 37*h + 358. What are the prime factors of f(-22)?
2, 5, 37
Suppose 7*o = 4412 - 695. List the prime factors of o.
3, 59
Let g(w) = -3*w - 14. Let p be g(-6). Suppose 0 = q - p. Suppose -86 = -q*y - 22. List the prime factors of y.
2
Suppose 2*l = -0*l + 4*r - 84, -4*l - 5*r - 103 = 0. Let w = l + 98. List the prime factors of 2 + -1 + w/3.
23
Let z(l) = 5*l + 4. Let f be 5/((-20)/(-68)) + -4. Suppose -4*i + 6 = -2*x, -2*i + f = x - 0*x. List the prime factors of z(i).
2, 3
Let g be (32/28)/(2*4/28). Suppose 0 = 2*y - 2*q - 376, -952 = -g*y - y + 2*q. What are the prime factors of y?
2, 3
Suppose -4*a + 2*w = 28, -4*w + 35 = -5*a - 3*w. Let g(o) = 3*o**2 + 11*o + 17. What are the prime factors of g(a)?
3, 29
Suppose -255 = -2*u + 119. Suppose 3*m - 116 = u. List the prime factors of m.
101
Suppose 4*v - 96 = -4*l - 4, 3*v + 2*l - 70 = 0. What are the prime factors of 76/v + 1/(-6)?
3
Let l(m) = m**2 + 8*m. Let r be l(-8). Suppose r = 4*f - t - 69, -f = -2*t + t - 15. Suppose 4*y - 130 = -f. List the prime factors of y.
2, 7
Suppose -433 = -t - q, 0 = 4*t + 2*q - q - 1726. List the prime factors of t.
431
Suppose -3*a - 8 - 24 = -2*z, 4*z = -a - 34. Let t = a - -13. Let c(v) = 25*v**2 + v + 1. List the prime factors of c(t).
5
Let u = 10 + 41. Let x = u - 39. List the prime factors of x.
2, 3
Let u be (0 - 0) + 120/(-8). Let n = u + 16. List the prime factors of (-3)/(n + (-51)/42).
2, 7
Let s = 9 + -5. Suppose 5*c - 4*q = 387, -s*c + 268 = 5*q - 58. List the prime factors of c.
79
Let c(u) = -u**3 + 5*u**2 + 2*u - 5. Let n be c(5).